{"id":733,"date":"2020-01-17T04:15:21","date_gmt":"2020-01-17T03:15:21","guid":{"rendered":"http:\/\/heiko-blum.de\/?page_id=733"},"modified":"2020-02-03T02:30:31","modified_gmt":"2020-02-03T01:30:31","slug":"linux","status":"publish","type":"page","link":"https:\/\/heiko-blum.de\/?page_id=733","title":{"rendered":"Linux"},"content":{"rendered":"\n<p>Habe jetzt MX Linux installiert. Und meiner Meinung nach viel besser als Ubuntu. Das Fr\u00fchere Ubuntu war noch toll aber Die Neuste Version gef\u00e4llt mir \u00fcberhaupt nicht , schon bei den kleinsten Sachen zum installieren, fangen die Probleme an . <\/p>\n\n\n\n<figure class=\"wp-block-image size-large\"><img loading=\"lazy\" decoding=\"async\" width=\"1056\" height=\"536\" src=\"https:\/\/heiko-blum.de\/wp-content\/uploads\/2020\/02\/20200203_022205360008480162418565.jpg\" alt=\"\" class=\"wp-image-747\" srcset=\"https:\/\/heiko-blum.de\/wp-content\/uploads\/2020\/02\/20200203_022205360008480162418565.jpg 1056w, https:\/\/heiko-blum.de\/wp-content\/uploads\/2020\/02\/20200203_022205360008480162418565-300x152.jpg 300w, https:\/\/heiko-blum.de\/wp-content\/uploads\/2020\/02\/20200203_022205360008480162418565-768x390.jpg 768w\" sizes=\"auto, (max-width: 1056px) 100vw, 1056px\" \/><\/figure>\n\n\n\n<p><\/p>\n\n\n\n<p><\/p>\n\n\n\n<p><\/p>\n\n\n\n<p>Ubuntu shell befehle <\/p>\n\n\n\n<p><\/p>\n\n\n\n<p>SSH installieren<br>sudo apt-get install openssh-server<\/p>\n\n\n\n<p><\/p>\n\n\n\n<p>Config<br>sudo nano \/etc\/ssh\/sshd_config<\/p>\n\n\n\n<p><\/p>\n\n\n\n<p>Server neustarten<br>sudo reboot<\/p>\n\n\n\n<p><\/p>\n\n\n\n<p>Server runterfahren<br \/> sudo shutdown -h now<\/p>\n\n\n\n<p><\/p>\n","protected":false},"excerpt":{"rendered":"<p>Habe jetzt MX Linux installiert. Und meiner Meinung nach viel besser als Ubuntu. Das Fr\u00fchere Ubuntu war noch toll aber Die Neuste Version gef\u00e4llt mir \u00fcberhaupt nicht , schon bei den kleinsten Sachen zum installieren, fangen die Probleme an . Ubuntu shell befehle SSH installierensudo apt-get install openssh-server Configsudo nano \/etc\/ssh\/sshd_config Server neustartensudo reboot Server [&hellip;]<\/p>\n","protected":false},"author":1,"featured_media":734,"parent":0,"menu_order":0,"comment_status":"closed","ping_status":"closed","template":"","meta":{"footnotes":""},"class_list":["post-733","page","type-page","status-publish","has-post-thumbnail","hentry"],"jetpack-related-posts":[{"id":535,"url":"https:\/\/heiko-blum.de\/?page_id=535","url_meta":{"origin":733,"position":0},"title":"Datenschutzerkl\u00e4rung","author":"Heiko","date":"14\/12\/2018","format":false,"excerpt":"","rel":"","context":"\u00c4hnlicher Beitrag","block_context":{"text":"\u00c4hnlicher Beitrag","link":""},"img":{"alt_text":"","src":"","width":0,"height":0},"classes":[]}],"jetpack_sharing_enabled":true,"_links":{"self":[{"href":"https:\/\/heiko-blum.de\/index.php?rest_route=\/wp\/v2\/pages\/733","targetHints":{"allow":["GET"]}}],"collection":[{"href":"https:\/\/heiko-blum.de\/index.php?rest_route=\/wp\/v2\/pages"}],"about":[{"href":"https:\/\/heiko-blum.de\/index.php?rest_route=\/wp\/v2\/types\/page"}],"author":[{"embeddable":true,"href":"https:\/\/heiko-blum.de\/index.php?rest_route=\/wp\/v2\/users\/1"}],"replies":[{"embeddable":true,"href":"https:\/\/heiko-blum.de\/index.php?rest_route=%2Fwp%2Fv2%2Fcomments&post=733"}],"version-history":[{"count":8,"href":"https:\/\/heiko-blum.de\/index.php?rest_route=\/wp\/v2\/pages\/733\/revisions"}],"predecessor-version":[{"id":750,"href":"https:\/\/heiko-blum.de\/index.php?rest_route=\/wp\/v2\/pages\/733\/revisions\/750"}],"wp:featuredmedia":[{"embeddable":true,"href":"https:\/\/heiko-blum.de\/index.php?rest_route=\/wp\/v2\/media\/734"}],"wp:attachment":[{"href":"https:\/\/heiko-blum.de\/index.php?rest_route=%2Fwp%2Fv2%2Fmedia&parent=733"}],"curies":[{"name":"wp","href":"https:\/\/api.w.org\/{rel}","templated":true}]}}